
26c
In base 13, what is 0 - -52b?
52b
In base 16, what is -1ae - 4d?
-1fb
In base 15, what is -3651 + -5?
-3656
In base 6, what is -3 - 3121044?
-3121051
In base 8, what is 10762 + 41?
11023
In base 11, what is 2 + -201?
-1aa
In base 7, what is 500 + 25442?
26242
In base 11, what is -5 + 579258?
579253
In base 13, what is -a9ab - -2b?
-a980
In base 16, what is -4fb4 - 2?
-4fb6
In base 2, what is -10001110000 - -111?
-10001101001
In base 3, what is -11 + 10011012?
10011001
In base 3, what is -120000 + 12120201?
12000201
In base 9, what is -7418 - 3?
-7422
In base 9, what is 40015 + 1?
40016
In base 3, what is -2011 + 11101?
2020
In base 14, what is -647 - 3d?
-686
In base 15, what is e + 1a1?
1b0
In base 15, what is -8186 - -39?
-814c
In base 12, what is -8 + 6945?
6939
In base 2, what is 11100111001 + 110111000?
100011110001
In base 4, what is -2211 + -3112320?
-3121131
In base 9, what is -5 + -157513?
-157518
In base 2, what is -101 + -111010101011110001?
-111010101011110110
In base 2, what is 1011 + -11100011?
-11011000
In base 16, what is -b57c - -1e?
-b55e
In base 12, what is 103 - -4634?
4737
In base 16, what is 58 - 351b?
-34c3
In base 3, what is -2000012 + -1201221?
-10202010
In base 10, what is 1029 - 28?
1001
In base 2, what is 10 - 100011100101?
-100011100011
In base 4, what is -1213 - 101210133?
-101212012
In base 3, what is -1011012012 - -121?
-1011011121
In base 9, what is -3 + 341455?
341452
In base 3, what is 1222210 - -120?
2000100
In base 10, what is 132642 - -4?
132646
In base 14, what is 75c8 + 12?
75da
In base 13, what is -17289 - 3?
-1728c
In base 3, what is 10111011 + -2210?
10101101
In base 12, what is -196a - -153?
-1817
In base 11, what is 17561 + 2?
17563
In base 13, what is -276ba + 3?
-276b7
In base 15, what is -4 + -4e7d?
-4e82
In base 11, what is -487 + -205a?
-2536
In base 14, what is 1 + 35c?
35d
In base 10, what is -813 + -506?
-1319
In base 5, what is -32332141 + 0?
-32332141
In base 11, what is -5 + -20907?
-20911
In base 10, what is -5 - -8274?
8269
In base 3, what is -210011212 + -2?
-210011221
In base 8, what is -51 + 20423?
20352
In base 7, what is 64 - -2516?
2613
In base 7, what is -4 - 55416?
-55423
In base 10, what is 23 + -20591?
-20568
In base 14, what is 2 - 405?
-403
In base 7, what is -3 - -341624?
341621
In base 4, what is 31 - 331101?
-331010
In base 6, what is 254214 + 112?
254330
In base 6, what is 11420314 + 3?
11420321
In base 16, what is bac7d - -4?
bac81
In base 14, what is 5 + 131169?
131170
In base 12, what is 22 + -65a6?
-6584
In base 8, what is 0 - -131360?
131360
In base 4, what is 1 - 120213?
-120212
In base 2, what is 0 - -10000001110000011000?
10000001110000011000
In base 10, what is 54301 + 0?
54301
In base 16, what is -17 - -d4f8?
d4e1
In base 7, what is 4115410 - -4?
4115414
In base 4, what is 233030012 + 2?
233030020
In base 3, what is -2010222002210 + 11?
-2010222002122
In base 5, what is 4020 - -23321?
32341
In base 11, what is 45 + -596?
-551
In base 7, what is -5321 - -4?
-5314
In base 4, what is 120121 + 231?
121012
In base 9, what is 772 - 12355?
-11473
In base 6, what is -1034 - 1425?
-2503
In base 5, what is 1 - 1444222?
-1444221
In base 6, what is -2351 + -105?
-2500
In base 16, what is -2c40 + 26?
-2c1a
In base 4, what is -10 + 1222200?
1222130
In base 6, what is 24 - -4015?
4043
In base 4, what is 22231 + 20232?
103123
In base 15, what is e + -23c2?
-23b3
In base 6, what is 5 + 543422?
543431
In base 13, what is 75 + 1a6a?
1b12
In base 7, what is 210114 + 5?
210122
In base 15, what is -787 + 4d?
-739
In base 10, what is 145 + -694?
-549
In base 4, what is -113031131 - 22?
-113031213
In base 5, what is 1 + -2012440?
-2012434
In base 14, what is 2b5 + 18?
2cd
In base 7, what is 166216 + 0?
166216
In base 7, what is 352460 + 3?
352463
In base 9, what is 220 + 5442?
5662
In base 9, what is -15381 + -17?
-15408
In base 15, what is -43c3 + -5?
-43c8
In base 7, what is -16 - 145560?
-145606
In base 8, what is 0 - 576605?
-576605
In base 4, what is -121 - 2211300?
-2212021
In base 8, what is -5 + 23767?
23762
In base 7, what is -1531646 - 1?
-1531650
In base 10, what is 186 + 876?
1062
In base 15, what is -5dc9 + -4?
-5dcd
In base 10, what is 855 + -1656?
-801
In base 4, what is -202020311323 - 1?
-202020311330
In base 8, what is 540 + 4?
544
In base 14, what is 0 + -7a18?
-7a18
In base 11, what is 19aa0 - 4?
19a97
In base 5, what is -2140144132 - -1?
-2140144131
In base 6, what is 1554514 + 0?
1554514
In base 12, what is 3 - 6b2?
-6ab
In base 3, what is 100202122212 - 2?
100202122210
In base 8, what is 0 - 1500610?
-1500610
In base 14, what is 17869 - -5?
17870
In base 16, what is 0 - 4a3?
-4a3
In base 15, what is -3 + 4961?
495d
In base 10, what is -4 - 4486?
-4490
In base 15, what is -49c + 28?
-474
In base 2, what is 111111100 - -1001010100?
10001010000
In base 6, what is 1101 + -23425?
-22324
In base 10, what is -4225 - 65?
-4290
In base 7, what is -1 + -3326214?
-3326215
In base 4, what is -3031301 - 0?
-3031301
In base 6, what is -343 + 2140?
1353
In base 16, what is -139 - 12?
-14b
In base 3, what is -1002201 - -10?
-1002121
In base 14, what is -765 + 4d?
-716
In base 13, what is 27b - -32?
2b0
In base 4, what is -31320 + -1302?
-33222
In base 3, what is -22022102 + 110?
-22021222
In base 14, what is 8084c - -5?
80853
In base 8, what is -1464 + -111?
-1575
In base 6, what is 2 + -34242125?
-34242123
In base 15, what is 139 + -14b?
-12
In base 14, what is 23 - 9a2?
-97d
In base 11, what is 19289 + -3?
19286
In base 13, what is 1 + 2a839?
2a83a
In base 16, what is -8a - -6b?
-1f
In base 16, what is -20c - 23?
-22f
In base 11, what is -4 - 5a2377?
-5a2380
In base 13, what is 4 + -2413b?
-24137
In base 11, what is 3 - 2456a?
-24567
In base 13, what is -9 - -63b1?
63a5
In base 9, what is -63 - -57554?
57481
In base 9, what is -10 + 22153?
22143
In base 2, what is 1010100 - 11100010101?
-11011000001
In base 9, what is -257 - -354?
86
In base 7, what is 116 - -256?
405
In base 9, what is 17783 - -4?
17787
In base 12, what is 4 - 3777?
-3773
In base 14, what is -7a + 80?
4
In base 13, what is 8 + -8b0?
-8a5
In base 3, what is 12 - -222211202?
222211221
In base 12, what is -274 + -3521?
-3795
In base 13, what is 14 - -50a6?
50ba
In base 4, what is -11 + -31321123?
-31321200
In base 14, what is 5 - -54d9?
5500
In base 2, what is 100011101000100 - 0?
100011101000100
In base 11, what is 503 + -21?
492
In base 5, what is -330 - 24110?
-24440
In base 16, what is -5d3 - -42?
-591
In base 13, what is 26 + -12a1?
-1278
In base 14, what is -3 - 2730?
-2733
In base 14, what is -c8a + a7?
-bc3
In base 12, what is 1a02 + -27?
1997
In base 16, what is 2 + -ac6?
-ac4
In base 12, what is 3 + -501b9?
-501b6
In base 4, what is 112 + 23303203?
23303321
In base 8, what is 237 + -4210?
-3751
In base 4, what is 30 + -11233322?
-11233232
In base 15, what is -1cb0 + 7?
-1ca8
In base 5, what is -112 + 41130?
41013
In base 8, what is 332351 + 23?
332374
In base 14, what is -b - -482a?
481d
In base 11, what is 4 + -25252?
-25249
In base 10, what is -109631 - 3?
-109634
In base 12, what is 12ab + 18?
1307
In base 6, what is 2402212 - 42?
2402130
In base 3, what is -200 + 11012110?
11011210
In base 8, what is 3253 + 427?
3702
In base 11, what is -8 - 885586?
-885593
In base 10, what is -222 - 38?
-260
In base 8, what is 152 + 4140?
4312
In base 13, what is 586 - a?
579
In base 7, what is 4 - -622?
626
In base 11, what is -7285598 - -5?
-7285593
In base 14, what is 6 - -bc8a?
bc92
In base 14, what is aa8c + -14?
aa78
In base 12, what is 2 - -458b2?
458b4
In base 15, what is 14 - 4005?
-3ee1
In base 4, what is -1020111000 + -12?
-1020111012
In base 4, what is 123 - 310110?
-303321
In base 8, what is 3221757 - -2?
3221761
In base 11, what is -3 - 12234?
-12237
In base 8, what is -113766 + 4?
-113762
In base 13, what is -1b1b + 4?
-1b17
In base 6, what is 0 + 103020?
103020
In base 12, what is -2114 + 4?
-2110
In base 7, what is -1310 - 550?
-2160
In base 16, what is -3c + 4c46?
4c0a
In base 2, what is 101101000100111 - -111110?
101101001100101
In base 9, what is 536 + -422?
114
In base 11, what is 4 + -44011?
-44008
In base 5, what is 303332 - 13?
303314
In base 9, what is 28444 - 46?
28387
In base 